it of u(17)?
2
Suppose -23 - 69 = v. Let f = v + 129. What is the tens digit of f?
3
Suppose 0 = 3*n - 2*n + 3. Let d(h) = -h + h**3 - 3 + 3*h + 4*h**2 + 9*h**2 - 8*h**2. What is the units digit of d(n)?
9
Let g(c) = -4*c**3 + 10*c + 2*c**3 - 2*c**3 + 3*c**3 + 8*c**2. Let m be g(9). Suppose 3*s - m - 15 = 0. What is the units digit of s?
8
Let v(w) = -2*w + 5. Let z = -2 + -5. What is the tens digit of v(z)?
1
Suppose 2*g - 3*q = 5, -5*g = -5*q - 2 - 3. Let o be 26/6 - (-1)/(-3). Let c = g + o. What is the units digit of c?
2
Let s(b) = 6*b**2 + 1. Let k(x) = x**3 + 4*x**2 - 6*x - 7. Let c be k(-5). What is the tens digit of s(c)?
2
Suppose 4*v - 151 = 193. What is the tens digit of v?
8
Suppose 5*y - 203 - 32 = 0. What is the units digit of y?
7
Suppose -s + 900 = 5*z - 0*s, -2*s + 900 = 5*z. What is the units digit of z?
0
Let p be -9*((-1)/3)/1. Suppose -a = -13 + p. Suppose -2*w - 3*w = -a. What is the units digit of w?
2
Let v = 126 + -79. What is the units digit of v?
7
Let y(q) = q**2 - 13*q + 7. Let k be y(12). Let j = 6 + k. What is the units digit of j?
1
Let p(q) = q. Let o be p(4). Suppose -45 = -2*x + 3*n, -x + 9 + 1 = -o*n. Suppose x = l + 4*l. What is the units digit of l?
6
Suppose -2*i = -5*p + 139, 0 = 5*p - i - 82 - 55. What is the tens digit of p?
2
Let l be 27/(-12)*8/(-3). Suppose q + 150 = l*q. What is the units digit of q?
0
Let v(n) = n**2 + 4*n - 29. What is the tens digit of v(7)?
4
Suppose -2*o - 5*r = 2*o - 25, 0 = -r + 1. Suppose -3*a - 36 = -o*a. What is the tens digit of a?
1
Let a = 22 + -18. Suppose 0 = -3*o + 7*o - 12, -239 = -a*b - o. What is the tens digit of b?
5
Suppose l - 2 - 1 = 0. Suppose -l*y + 6*y - 7 = z, 5 = -5*z. Suppose -i - 1 = y*x - 3, -2*x = -4*i + 18. What is the units digit of i?
4
What is the tens digit of 21/((-16)/6 + 3)?
6
Suppose 0 = -5*f + 4*y + 6, 0 = 2*f - y - 0*y. Let r be ((-15)/2 - 0)*f. Suppose t = 4*t - r. What is the units digit of t?
5
Suppose -5*o + 20 = -q, -3*q + 4 = -2*o - 1. Suppose 5*h + o*a = -0*h + 90, -5*h + 5*a + 50 = 0. What is the units digit of h?
4
Suppose -2*b + 11 + 21 = 0. What is the units digit of b?
6
Suppose 5*o - 15 = -x, -85 = -2*x + 5*o - 4*o. Suppose -3*z = -14 - x. What is the units digit of z?
8
Suppose -b + 5*b = 12. Suppose b*c + c - 60 = 0. What is the tens digit of c?
1
Let y(k) = k**2 - k. Let r(s) = -5*s**2 - 4*s + 2. Let l(v) = r(v) + 4*y(v). Let x be l(-8). Suppose 2*b - 2 = x. What is the units digit of b?
2
What is the hundreds digit of (264 + 3/9*9)/1?
2
Let c be ((-22)/(-3))/((-1)/3). Let t = c - -33. What is the units digit of t?
1
Suppose -3*h = -40 + 13. What is the tens digit of (-552)/(-54) + (-2)/h?
1
Let k(c) = 5*c**2. Let j be k(-1). Let w be 9/(-6)*(-1 - 1). Suppose -1 = -j*i - 2*b, -4*i + w*b = -4 - 6. What is the units digit of i?
1
Suppose 0 = -4*z + i, -z = 2*z - 5*i. Let c be 3/4*(z + 4). Suppose -c*f - 23 = -2*v + 2*f, -4*v - 5*f = -1. What is the units digit of v?
4
Let d be (-1 - -4) + -42 + -1. Let f = 74 + d. What is the units digit of f?
4
Let a = -12 + 14. Suppose -x - a*x = -48. What is the units digit of x?
6
Let b = 8 - 20. Let g be ((-42)/24)/((-1)/(-4)). Let d = g - b. What is the units digit of d?
5
What is the units digit of 4 + 45 - 9/3?
6
What is the units digit of (-24)/32*208/(-12)?
3
Suppose -57 = x - 4*l - 193, 160 = x + 4*l. What is the tens digit of x?
4
Let s(z) = 2*z**2 + 2*z + 1. What is the units digit of s(-1)?
1
Let z = 1 + 6. Let h = z - 4. What is the units digit of h?
3
Suppose b = 3*u - 10, 4*u = -4*b + 3*u + 25. Let x(k) = -k + 12. What is the units digit of x(b)?
7
Let b be (1 - -32)/(0 + -1). Let t = 54 + b. What is the units digit of t?
1
What is the tens digit of (6/(-1) - -4)*(-267)/6?
8
Suppose 3*s = 3*p - 99, 3*s = 2*s - 4. What is the units digit of p?
9
What is the units digit of (-1)/2*24/(-4)?
3
Let k(c) = -c**2 + 11*c - 3. Let u be k(10). Let s be u + -1 + (-2 - -1). Suppose 0 = -4*d + 3*b + 40, s*d - b + 5*b = 81. What is the units digit of d?
3
Let v = -6 - 4. Let m(i) be the first derivative of -i**3/3 - 5*i**2 + 8*i + 1. What is the units digit of m(v)?
8
Suppose 5*l - 416 = -3*d, l - 5*d - 100 = -0*l. What is the tens digit of l?
8
Let i be 0 - 7/(-2)*-4. What is the units digit of 6/(-4) - 105/i?
6
Let z = -12 - -42. Suppose -w = -3*g + 2 - z, -3*w - 5*g + 14 = 0. What is the units digit of w?
3
Let s(z) = -z**3 + 6*z**2 - 6*z + 7. Let i be s(5). Suppose -i*a - 3 = 2*a - q, -a = 2*q - 6. Let r(k) = -k + 10. What is the units digit of r(a)?
0
Suppose -f - i = -3, 5*i = -4*f - 4 + 18. Let t(l) = -f - 2*l**2 + l**2 + l + 2*l**2. What is the units digit of t(1)?
1
Suppose 0 = -2*i + 4*r + 360, -4*i - 4*r = -i - 550. What is the tens digit of i?
8
Let j(g) = 3*g**3 + g**2 + 4*g - 3. What is the units digit of j(2)?
3
Let o = 3 - 1. What is the units digit of (-1)/o + (-9)/(-2)?
4
Let t = 228 - 27. What is the hundreds digit of t?
2
Let y(k) be the first derivative of -k**5/60 + k**4/6 + k**3/6 - k**2/2 - 2. Let n(l) be the second derivative of y(l). What is the units digit of n(3)?
4
Let h(k) = -6*k + 1. What is the units digit of h(-6)?
7
Let y = -73 + 127. What is the units digit of y?
4
Let j(m) = m + 4 + 2*m**2 + 5*m + 0*m - 3. What is the units digit of j(-4)?
9
Let i(r) = -5*r - 4*r + 3*r - r - 4. What is the tens digit of i(-2)?
1
Let c be ((-1)/(-2))/((-3)/24). What is the units digit of (1/(-3))/(c/24)?
2
Let v be (-1)/((-2)/(-40)*2). Let b = 22 + -8. Let i = v + b. What is the units digit of i?
4
Let f = 55 + 226. What is the units digit of f?
1
Let h be (-249)/(-12) + (-2)/(-8). Let g = h - 14. What is the units digit of g?
7
Let b(c) = -c**3 + 11*c**2 + 9*c. What is the units digit of b(11)?
9
Let m = 11 + -7. Suppose 100 = m*t + t. What is the tens digit of t?
2
Let l(q) = q**3 - 4*q**2 + 4*q - 4. Let x = 2 + 1. Let t be l(x). What is the units digit of 8 - ((t - 0) + 1)?
8
Let i = 9 + -3. Let n(m) = m**2 - 5*m + 7. What is the units digit of n(i)?
3
Suppose -y - 158 = -2*y. Let l = y - 101. What is the units digit of l/9 + (-4)/(-6)?
7
Suppose -h + 4*h - 33 = 0. What is the tens digit of h?
1
Suppose d - 6 = -2*w + 77, 0 = 5*d - w - 393. What is the units digit of d?
9
Let r = 44 - -110. What is the units digit of r?
4
Suppose 0 = p + 3*x - 104, 0*p + 3*p - 270 = 5*x. What is the tens digit of p?
9
Let z(w) = -26*w**3 - 2*w**2 + 2*w. Let i be z(-2). Suppose -b - 3*b = 4*c - i, -b = -4*c - 59. What is the tens digit of b?
5
What is the units digit of 1827/(18 + -9) + 1*4?
7
Let d = -8 - -4. Let i = d + 2. What is the units digit of (1/i)/(3/(-6))?
1
Let h = 0 - -2. Suppose h = -3*c + 8. Suppose 0 = -2*r + 6, c*k + 0*k - 3*r = 7. What is the units digit of k?
8
Let t = 9 - 6. Suppose 3*b + 5*x = 56, -3*b + 37 = t*x - 17. What is the units digit of b?
7
Suppose -4*t = -8 - 0. Suppose 5*c - 39 = t*c. Suppose w = -3*w + 3*s + c, -w = -4*s. What is the units digit of w?
4
Suppose -2*f = 3*n + f - 57, -5*n + 2*f + 102 = 0. Suppose -n = -4*k + 32. What is the units digit of k?
3
What is the units digit of 3*-5*162/(-10)?
3
Suppose 26 = 5*t - 2*t - 5*g, -5*t + g + 14 = 0. Suppose 6 = -t*o + 5*o, 3*n - 45 = 3*o. What is the tens digit of n?
1
Suppose 2*d + 4 = 4*d. Let r(q) = -2*q + 1. Let i be r(d). What is the tens digit of 2*i/(-12)*20?
1
What is the units digit of (-5)/((-10)/96) + 0?
8
Let u(n) = 2*n - 4. Let z = 3 + -1. Suppose -z*f + f = -3. What is the units digit of u(f)?
2
Let y(a) = a**3 + 4*a**2 + 2*a - 7. What is the units digit of y(3)?
2
Let p = -42 - -66. What is the tens digit of p?
2
Let u(t) = -t**2 + 5*t - 3. Let n be u(5). Let q(v) = v + 4. What is the units digit of q(n)?
1
Let h(o) = o**3 - 3*o**2 - 4*o - 14. What is the hundreds digit of h(8)?
2
Let a(r) = -7*r - 1. Suppose -2*o + 0*p = 5*p + 12, 0 = 2*o - 2*p - 2. Let m be a(o). Suppose 12 = v - m. What is the units digit of v?
8
Suppose 0 = 8*w - 2*w - 300. What is the tens digit of w?
5
Suppose 0 = 2*k + 1 - 3. Let h be 7 + (-1)/k + -2. Let u(t) = -t**2 + 6*t - 5. What is the units digit of u(h)?
3
Suppose 31 = 4*v - 13. What is the tens digit of -1*1*(-11 - v)?
2
Let k = 192 - 97. What is the units digit of k?
5
Suppose 5*n + 25 = q, -4*q - 5*n - 10 = -3*n. Let l be (0 - -8)*(-1)/(-2). Suppos